Suppose 2*g = -4*g + p. Let w = -139 + g. What are the prime factors of w?
2, 3, 5
Let d = 2063 - 852. List the prime factors of d.
7, 173
Let x be (-8)/20 - 84/(-10). Let h = 4 + -1. List the prime factors of h/((-29)/x - -4).
2
Suppose 3*n + 35 = 2*n. Let h = n + 68. Suppose -2 = i - h. List the prime factors of i.
31
Suppose 5*b - 70 = 85. Let r = b - 12. What are the prime factors of r?
19
Suppose 5*r = 3*b - 47, -5*r = -2*r - 6. List the prime factors of b.
19
Let i(o) = o**3 - 7*o**2 + 9*o + 1. Let t be i(9). Suppose 0 = 3*y - 5*h - 366, -3*y + t = -y + 5*h. List the prime factors of y.
2, 61
Let z = 114 - 135. What are the prime factors of 6/z + 177/7?
5
What are the prime factors of (-1)/1*(-1)/3*951?
317
Let d be 4*1*5/(-1). Let v be ((-459)/(-18))/(1 + 4/(-8)). Let o = v + d. What are the prime factors of o?
31
Suppose 276 = 2*h + 2*h. List the prime factors of h.
3, 23
Suppose -a - 4*z + 131 = 0, 0 = z - 4*z - 3. Suppose q + q - 5*s = a, 150 = 3*q + 3*s. What are the prime factors of q?
5, 11
Let h be 22*(-1 - (4 - 4)). Let a = -6 + h. Let t = 54 + a. List the prime factors of t.
2, 13
Let z(a) = a**3 - 10*a**2 + 5*a - 12. Let d be z(5). Let w = 195 + d. List the prime factors of w.
83
Let y = 200 - -270. List the prime factors of y.
2, 5, 47
Suppose 3*w = 2*d + 4*w - 89, 2*d - 3*w - 85 = 0. List the prime factors of 1856/d + (-10)/55.
2, 3, 7
Suppose -4*a = 2*l + a + 36, 148 = -5*l + 2*a. Let s = l - -52. What are the prime factors of s?
2, 3
Let o(w) = 5 + 2*w**3 - 5*w**2 + 6*w**3 - 7*w**3. Let n be o(5). Suppose -48 = -n*u + 42. List the prime factors of u.
2, 3
Suppose 2*v = n - 15, -2*n + n + 10 = -v. Let q = 3 + n. Suppose -o + q + 9 = 0. What are the prime factors of o?
17
Let x(r) be the first derivative of -r**4/4 + 5*r**3 + 41*r**2/2 - 3*r + 6. What are the prime factors of x(17)?
2, 29
Let g = 1639 + -551. Suppose -3*k + g = k. Suppose 6*a = 10*a - k. What are the prime factors of a?
2, 17
Let t(q) = q**3 - 4*q**2 - 2*q + 4. Let c be t(6). Suppose 0 = 15*p + p - c. List the prime factors of p.
2
What are the prime factors of (-15)/(-2)*177*4/6?
3, 5, 59
Let j be (-5 + 2 + 0)/(-1) - -7. Let s = j - 3. What are the prime factors of s?
7
Suppose -5*f + 2*h - 56 = 0, 19 = -5*f + h - 39. Let j = f + 14. List the prime factors of j.
2
Suppose 6126 + 586 = 8*s. List the prime factors of s.
839
Suppose -5 = 4*f - 145. List the prime factors of ((-434)/f)/(2/(-10)).
2, 31
Let n(v) = 29*v + 1953. What are the prime factors of n(0)?
3, 7, 31
Let a = 87 - 45. Suppose -a = -4*s + 122. List the prime factors of s.
41
Let d(y) = 2*y**2 + 5*y**3 - 2 - 10*y + 4*y + y**3. Let b(s) = -s**3 + s. Let m(g) = -3*b(g) - d(g). What are the prime factors of m(-2)?
2, 3
Let c = 1475 + -757. What are the prime factors of c?
2, 359
Let s = 4 - 8. Let f be (-13 + -3)/s - 0. Suppose 2*a = -f*d + 22, -d - d - 8 = 0. What are the prime factors of a?
19
Let q(x) = 2*x + 12. Let g be q(-11). Let w = -11 + g. List the prime factors of (-6)/w - (-813)/21.
3, 13
Suppose -39*a + 50*a = 11935. What are the prime factors of a?
5, 7, 31
Let l(i) = -7*i + 13. Let m be l(4). What are the prime factors of (-104)/(-10) + 6/m?
2, 5
Let k(z) = 162*z - 9. Let n(o) = -81*o + 5. Let d(c) = 3*k(c) + 5*n(c). List the prime factors of d(2).
2, 5
Let r(b) = -44*b + 74. List the prime factors of r(-4).
2, 5
Suppose -6*a + 20922 = 4620. What are the prime factors of a?
11, 13, 19
Suppose 0 = -58*g + 36*g + 20042. List the prime factors of g.
911
Suppose -4*z + 9*z - 70 = -5*d, 0 = 3*d - 4*z - 77. Suppose 12*o - d*o = -560. What are the prime factors of o?
2, 5
Suppose -3*i + 818 = 3*n - 5263, 5*n = 3*i - 6065. List the prime factors of i.
3, 5
Suppose 3*b = -q + 76, 0*b + 4*b - 103 = -3*q. Let n be (3 - b/7)*-7. Suppose n = -l + 7. What are the prime factors of l?
3
Let u(a) be the first derivative of 2*a**3/3 - 5*a**2/2 + 10*a - 35. List the prime factors of u(7).
73
Let p(n) = -n**2 - 11*n + 2. Let f be p(-11). Suppose -f*s = -2 - 74. What are the prime factors of s?
2, 19
Let h = -576 - -1108. What are the prime factors of h?
2, 7, 19
Suppose -x - 6 = 5. Let d(b) = -4*b + 29. List the prime factors of d(x).
73
Let y be 0 + 4 + (2 - -194*1). Let k = -54 + y. What are the prime factors of k?
2, 73
Let v(x) = 9*x**2 - 16*x + 54. Let u be v(4). Let y = 25 + u. What are the prime factors of y?
3, 53
Suppose -4*w - 228 = -2*w. What are the prime factors of w/(-2) - (6 - 3)?
2, 3
Suppose -15*k = 6*k - 21504. What are the prime factors of k?
2
Let r be 5/15 + 0 + (-14)/(-3). Suppose 4*g + 4*t - 80 = 0, -r*g + t = -2*g - 60. List the prime factors of g.
2, 5
Let y = -1 - -10. Let n = -14 + y. List the prime factors of 4 + n + 128/2.
3, 7
Let p = 33 - 22. Suppose -90 - 64 = -p*v. What are the prime factors of v?
2, 7
Suppose 5*r - 1294 = -434. List the prime factors of r.
2, 43
Let r be 4/10*5 - (-6 - -4). Let t = 2 + -1. What are the prime factors of 27 - (4/r - t)?
3
Let i be 1/4 - 57/(-12). Suppose -i*j - 3*o = -43, -o - 3*o - 28 = -4*j. What are the prime factors of j?
2
Suppose 11862 - 1051 = 19*h. List the prime factors of h.
569
Let d(x) = x**3 + 7*x**2 - 8*x - 8. Let l be d(-8). Let o = l - -11. What are the prime factors of 12/(-18)*o/(-1)?
2
What are the prime factors of (-20)/(-150) + 20726/30?
691
Suppose -20*m - 444 = -23*m. What are the prime factors of m?
2, 37
What are the prime factors of -52*3*32/(-24)?
2, 13
Suppose -6*r + 50 = -4*r. Suppose v - 2 = 4*a, -3*v + 14 + r = -a. Let b = 9 + v. List the prime factors of b.
23
Suppose 2*i + 2*h = 144, 4*i = 2*i - 3*h + 148. Suppose -26*d - i = -27*d. What are the prime factors of d?
2, 17
Let h(w) be the second derivative of -1/6*w**3 + 3*w + 0 - 2*w**2. What are the prime factors of h(-9)?
5
Suppose 24*c + 1692 = 30*c. What are the prime factors of c?
2, 3, 47
Suppose -3*j - 2*g + 5*g = 9, -6 = 4*j - 2*g. Suppose j = -21*w + 20*w + 210. List the prime factors of w.
2, 3, 5, 7
Suppose -5*a = -4*a + 2*v, 0 = 3*a - 2*v - 8. Suppose 2*r = -5*g + a, 2*r = -3*g + 3*r - 1. Suppose g = n - 11. What are the prime factors of n?
11
Let a = -128 - -507. What are the prime factors of a?
379
Let b = -2025 + 2204. List the prime factors of b.
179
Suppose 0 = -6*q + 4026 - 1488. List the prime factors of q.
3, 47
Let b be 4 - ((-2)/(-7) - 156/(-91)). Suppose 5*o + 4*y - 36 = -0*y, b*y = 4*o - 8. What are the prime factors of o?
2
Let d be 2/9 + 160/(-72). Let l = 2 - d. Suppose l = w - 0. What are the prime factors of w?
2
Let n(l) = 3*l + 3. Let o be -1 - 7 - 20/(-5). Let t be (o/1)/((-24)/18). List the prime factors of n(t).
2, 3
Let l = 18 - 18. Suppose -c - 3*j = -19, l = 4*c + j - 15 - 6. List the prime factors of c.
2
Let a(p) be the third derivative of -25*p**4/24 + 5*p**3/3 + 2*p**2. Let w be a(-5). List the prime factors of w/7 - (-18)/(-63).
19
Let l = -84 - -251. List the prime factors of l.
167
Let w(u) = -16 + 30 - 35*u - 15. What are the prime factors of w(-2)?
3, 23
Suppose w = -u, 5*w - u - 6 = -3*u. Let l be (-302)/(-4) - w/(-4). Suppose -4*y + l = -0*y. List the prime factors of y.
19
Let v(g) = g**2 + 12*g + 42. What are the prime factors of v(0)?
2, 3, 7
List the prime factors of (-16688)/(-26) - (-40)/260.
2, 3, 107
List the prime factors of 6/9*(-20304)/(-12).
2, 3, 47
Let t be 5/40*-2 + 439/(-4). Let z = t + 133. List the prime factors of z.
23
Suppose 2*a - 3 = 3*a, -4*a = v - 58. What are the prime factors of 2/(-10) - (-2044)/v?
29
Let i(u) = -u**3 - u**2 - 77 - 81 + 11*u**2 - 12*u + 144. List the prime factors of i(7).
7
Suppose -4*n + 3*a + 723 = 4*a, -4*a - 348 = -2*n. What are the prime factors of n?
2, 3, 5
Suppose -153 = 3*a - 0*a. Let n = 66 + a. What are the prime factors of n?
3, 5
Let m(k) = k**3 - 20*k**2 + 16*k + 12. Let p be m(19). Let q = p + 48. What are the prime factors of q?
3
Let i(b) = 13*b - 12. Let z be i(6). Suppose -z = -u + 7. What are the prime factors of u?
73
Suppose 7*f = 16*f - 45. Suppose 0 = -f*y + 335 + 190. What are the prime factors of y?
3, 5, 7
List the prime factors of -4 - 3/(-4*9/13560).
2, 563
Let i = -2 + 4. Suppose -i*m + 4 = -0*m. Suppose 29 = m*g - 7. What are the prime factors of g?
2, 3
List the prime factors of -8 + 1 - (-328 - 11).
2, 83
Suppose 4*f + 139 = -